{"id":19,"date":"2022-12-09T11:09:04","date_gmt":"2022-12-09T10:09:04","guid":{"rendered":"http:\/\/adapt-energies.com\/?page_id=19"},"modified":"2022-12-09T11:15:12","modified_gmt":"2022-12-09T10:15:12","slug":"plomberie","status":"publish","type":"page","link":"https:\/\/adapt-energies.com\/index.php\/plomberie\/","title":{"rendered":"Plomberie"},"content":{"rendered":"\n<h3 class=\"wp-block-heading\">Tout ce qu&rsquo;il faut savoir sur la plomberie sanitaire<\/h3>\n\n\n\n<p>Il nous est tellement naturel d\u2019utiliser de l\u2019eau au quotidien que l\u2019on en oublie qu\u2019il n\u2019y a pas si longtemps (moins de 50 ans\u00a0!), tout le monde n\u2019avait pas l\u2019eau potable et l\u2019eau (par son manque ou sa pi\u00e8tre qualit\u00e9) tuait encore des gens\u00a0! Et si aujourd\u2019hui tout cela nous para\u00eet tr\u00e8s loin, c\u2019est gr\u00e2ce aux progr\u00e8s techniques r\u00e9alis\u00e9s par les plombiers et aux normes de plomberie sanitaire \u00e9labor\u00e9es par diff\u00e9rentes instances. Vous vouliez tout savoir sur la plomberie sanitaire\u00a0? Nous allons t\u00e2cher de vous en apprendre le plus possible.<\/p>\n\n\n\n<h3 class=\"wp-block-heading\">Champ d\u2019application de la plomberie sanitaire<\/h3>\n\n\n\n<p>On d\u00e9signe par\u00a0plomberie sanitaire\u00a0non seulement l\u2019installation, le circuit d\u2019eau chaude et d\u2019eau froide de consommation et de convenance (robinets, douche, baignoire, WC, \u00e9lectrom\u00e9nager), mais aussi l\u2019\u00e9vacuation des eaux us\u00e9es.<\/p>\n\n\n\n<p>Aussi, la plomberie sanitaire, si elle ne concerne pas le r\u00e9seau de chauffage, concerne directement votre usage quotidien et surtout tous les logements&nbsp;: on peut se chauffer par diff\u00e9rents moyens, mais il n\u2019y en a qu\u2019un seul d\u2019avoir l\u2019eau courante chez soi&nbsp;!<\/p>\n\n\n\n<p>Et pour que cet usage soit sain et s\u00e9curis\u00e9, \u00e0 la fois pour les personnes et le mat\u00e9riel, il existe un grand nombre de r\u00e8gles qui r\u00e9gissent les installations de plomberie sanitaire.<\/p>\n\n\n\n<h3 class=\"wp-block-heading\">Plomberie sanitaire&nbsp;: faire appel \u00e0 des professionnels<\/h3>\n\n\n\n<p>Vous le voyez, si, sur le papier, faire soi-m\u00eame sa plomberie sanitaire para\u00eet accessible, en r\u00e9alit\u00e9, si l\u2019on veut pr\u00e9server son confort d\u2019utilisation, la s\u00e9curit\u00e9 sanitaire de l\u2019installation et sa p\u00e9rennit\u00e9, il est largement pr\u00e9f\u00e9rable de\u00a0faire appel aux comp\u00e9tences et \u00e0 l\u2019expertise d\u2019un professionnel\u00a0qui dispose des outils techniques et des connaissances pour ajuster au mieux la r\u00e9alisation de l\u2019installation aux contraintes de l\u2019habitation.<\/p>\n\n\n\n<p><br><\/p>\n","protected":false},"excerpt":{"rendered":"<p>Tout ce qu&rsquo;il faut savoir sur la plomberie sanitaire Il nous est tellement naturel d\u2019utiliser de l\u2019eau au quotidien que l\u2019on en oublie qu\u2019il n\u2019y a pas si longtemps (moins de 50 ans\u00a0!), tout le monde n\u2019avait pas l\u2019eau potable &hellip; <\/p>\n","protected":false},"author":1,"featured_media":13,"parent":0,"menu_order":0,"comment_status":"closed","ping_status":"closed","template":"","meta":{"footnotes":""},"class_list":["post-19","page","type-page","status-publish","has-post-thumbnail","hentry"],"_links":{"self":[{"href":"https:\/\/adapt-energies.com\/index.php\/wp-json\/wp\/v2\/pages\/19","targetHints":{"allow":["GET"]}}],"collection":[{"href":"https:\/\/adapt-energies.com\/index.php\/wp-json\/wp\/v2\/pages"}],"about":[{"href":"https:\/\/adapt-energies.com\/index.php\/wp-json\/wp\/v2\/types\/page"}],"author":[{"embeddable":true,"href":"https:\/\/adapt-energies.com\/index.php\/wp-json\/wp\/v2\/users\/1"}],"replies":[{"embeddable":true,"href":"https:\/\/adapt-energies.com\/index.php\/wp-json\/wp\/v2\/comments?post=19"}],"version-history":[{"count":2,"href":"https:\/\/adapt-energies.com\/index.php\/wp-json\/wp\/v2\/pages\/19\/revisions"}],"predecessor-version":[{"id":24,"href":"https:\/\/adapt-energies.com\/index.php\/wp-json\/wp\/v2\/pages\/19\/revisions\/24"}],"wp:featuredmedia":[{"embeddable":true,"href":"https:\/\/adapt-energies.com\/index.php\/wp-json\/wp\/v2\/media\/13"}],"wp:attachment":[{"href":"https:\/\/adapt-energies.com\/index.php\/wp-json\/wp\/v2\/media?parent=19"}],"curies":[{"name":"wp","href":"https:\/\/api.w.org\/{rel}","templated":true}]}}